is divided by 31?
16
Calculate the remainder when 610 is divided by 123.
118
What is the remainder when 985 is divided by 124?
117
What is the remainder when 184 is divided by 35?
9
What is the remainder when 103 is divided by 29?
16
What is the remainder when 514 is divided by 110?
74
What is the remainder when 812 is divided by 5?
2
Calculate the remainder when 402 is divided by 22.
6
Calculate the remainder when 26591 is divided by 48.
47
What is the remainder when 2239 is divided by 38?
35
Calculate the remainder when 9025 is divided by 122.
119
Calculate the remainder when 2615 is divided by 46.
39
What is the remainder when 1204 is divided by 13?
8
What is the remainder when 482 is divided by 7?
6
Calculate the remainder when 86 is divided by 75.
11
Calculate the remainder when 1376 is divided by 23.
19
What is the remainder when 317 is divided by 68?
45
Calculate the remainder when 82 is divided by 39.
4
Calculate the remainder when 139 is divided by 21.
13
Calculate the remainder when 482 is divided by 26.
14
Calculate the remainder when 44 is divided by 14.
2
What is the remainder when 304 is divided by 143?
18
Calculate the remainder when 239 is divided by 45.
14
What is the remainder when 3147 is divided by 1046?
9
What is the remainder when 977 is divided by 89?
87
Calculate the remainder when 3440 is divided by 860.
0
Calculate the remainder when 871 is divided by 73.
68
What is the remainder when 2084 is divided by 118?
78
What is the remainder when 26 is divided by 1?
0
Calculate the remainder when 1384 is divided by 14.
12
What is the remainder when 877 is divided by 90?
67
Calculate the remainder when 57 is divided by 32.
25
What is the remainder when 125 is divided by 36?
17
Calculate the remainder when 1281 is divided by 163.
140
Calculate the remainder when 239 is divided by 40.
39
What is the remainder when 1306 is divided by 131?
127
Calculate the remainder when 1299 is divided by 48.
3
Calculate the remainder when 103 is divided by 13.
12
What is the remainder when 40 is divided by 28?
12
Calculate the remainder when 2908 is divided by 32.
28
Calculate the remainder when 984 is divided by 243.
12
What is the remainder when 195 is divided by 19?
5
What is the remainder when 107 is divided by 23?
15
Calculate the remainder when 85 is divided by 18.
13
Calculate the remainder when 264 is divided by 69.
57
What is the remainder when 426 is divided by 146?
134
What is the remainder when 430 is divided by 398?
32
What is the remainder when 1270 is divided by 183?
172
What is the remainder when 266 is divided by 16?
10
Calculate the remainder when 561 is divided by 8.
1
Calculate the remainder when 221 is divided by 69.
14
Calculate the remainder when 230 is divided by 60.
50
Calculate the remainder when 49 is divided by 18.
13
Calculate the remainder when 583 is divided by 45.
43
What is the remainder when 108 is divided by 4?
0
Calculate the remainder when 258 is divided by 22.
16
Calculate the remainder when 1753 is divided by 580.
13
What is the remainder when 248 is divided by 82?
2
What is the remainder when 198 is divided by 69?
60
Calculate the remainder when 3365 is divided by 13.
11
What is the remainder when 1963 is divided by 4?
3
What is the remainder when 2187 is divided by 10?
7
What is the remainder when 259 is divided by 95?
69
What is the remainder when 476 is divided by 110?
36
Calculate the remainder when 4256 is divided by 20.
16
Calculate the remainder when 10268 is divided by 9.
8
Calculate the remainder when 4325 is divided by 60.
5
What is the remainder when 298 is divided by 105?
88
What is the remainder when 1402 is divided by 57?
34
Calculate the remainder when 190 is divided by 26.
8
What is the remainder when 143 is divided by 95?
48
Calculate the remainder when 339 is divided by 83.
7
Calculate the remainder when 32 is divided by 9.
5
What is the remainder when 1162 is divided by 6?
4
What is the remainder when 2097 is divided by 190?
7
Calculate the remainder when 1866 is divided by 379.
350
What is the remainder when 143 is divided by 92?
51
What is the remainder when 130 is divided by 77?
53
What is the remainder when 65 is divided by 6?
5
Calculate the remainder when 11995 is divided by 13.
9
Calculate the remainder when 3356 is divided by 370.
26
What is the remainder when 2165 is divided by 8?
5
What is the remainder when 8922 is divided by 92?
90
What is the remainder when 407 is divided by 138?
131
Calculate the remainder when 14528 is divided by 7262.
4
Calculate the remainder when 113 is divided by 31.
20
Calculate the remainder when 762 is divided by 122.
30
Calculate the remainder when 872 is divided by 865.
7
Calculate the remainder when 288 is divided by 20.
8
Calculate the remainder when 12038 is divided by 140.
138
Calculate the remainder when 2356 is divided by 9.
7
Calculate the remainder when 141 is divided by 73.
68
What is the remainder when 4529 is divided by 5?
4
What is the remainder when 826 is divided by 36?
34
Calculate the remainder when 232 is divided by 17.
11
What is the remainder when 243 is divided by 2?
1
What is the remainder when 267 is divided by 89?
0
What is the remainder when 71 is divided by 18?
17
Calculate the remainder when 3079 is divided by 77.
76
What is the remainder when 37 is divided by 33?
4
Calculate the remainder when 2698 is divided by 135.
133
What is the remainder when 122 is divided by 22?
12
Calculate the remainder when 16658 is divided by 70.
68
What is the remainder when 54 is divided by 40?
14
What is the remainder when 757 is divided by 10?
7
Calculate the remainder when 37 is divided by 13.
11
Calculate the remainder when 500 is divided by 125.
0
Calculate the remainder when 24 is divided by 9.
6
Calculate the remainder when 1521 is divided by 4.
1
Calculate the remainder when 1322 is divided by 328.
10
What is the remainder when 540 is divided by 49?
1
Calculate the remainder when 348 is divided by 31.
7
What is the remainder when 133 is divided by 26?
3
What is the remainder when 63 is divided by 25?
13
What is the remainder when 316 is divided by 46?
40
What is the remainder when 63 is divided by 10?
3
Calculate the remainder when 153 is divided by 102.
51
What is the remainder when 91 is divided by 19?
15
Calculate the remainder when 138 is divided by 10.
8
Calculate the remainder when 122 is divided by 31.
29
What is the remainder when 2906 is divided by 959?
29
What is the remainder when 218 is divided by 73?
72
What is the remainder when 363 is divided by 169?
25
What is the remainder when 130 is divided by 24?
10
Calculate the remainder when 196 is divided by 25.
21
What is the remainder when 124 is divided by 120?
4
Calculate the remainder when 207 is divided by 68.
3
Calculate the remainder when 527 is divided by 11.
10
What is the remainder when 599 is divided by 120?
119
Calculate the remainder when 797 is divided by 161.
153
Calculate the remainder when 981 is divided by 201.
177
What is the remainder when 206 is divided by 52?
50
What is the remainder when 55 is divided by 14?
13
Calculate the remainder when 271 is divided by 17.
16
What is the remainder when 145 is divided by 60?
25
What is the remainder when 75 is divided by 12?
3
Calculate the remainder when 3480 is divided by 52.
48
What is the remainder when 89 is divided by 16?
9
Calculate the remainder when 250 is divided by 53.
38
What is the remainder when 1895 is divided by 150?
95
What is the remainder when 615 is divided by 15?
0
Calculate the remainder when 128 is divided by 84.
44
Calculate the remainder when 76 is divided by 13.
11
What is the remainder when 4835 is divided by 31?
30
Calculate the remainder when 117 is divided by 38.
3
Calculate the remainder when 114 is divided by 25.
14
What is the remainder when 387 is divided by 113?
48
What is the remainder when 530 is divided by 9?
8
Calculate the remainder when 445 is divided by 39.
16
What is the remainder when 206 is divided by 193?
13
Calculate the remainder when 352 is divided by 59.
57
Calculate the remainder when 100 is divided by 17.
15
What is the remainder when 2034 is divided by 22?
10
What is the remainder when 1647 is divided by 24?
15
What is the remainder when 460 is divided by 52?